- -6. Let o = m + 106. Calculate the highest common factor of o and 8.
8
Let t(v) = -2*v**2 + 31*v - 88. Let j be t(10). Let o(w) = w**3 + 2*w**2 - 2*w - 2. Let g be o(-2). What is the highest common divisor of g and j?
2
Let f = -2 - -5. Let q(c) = 2*c**2 - 61*c + 90. Let h be q(29). What is the highest common divisor of f and h?
3
Suppose -5*m + 26 = -4. Suppose u + 140 = m*u. What is the greatest common divisor of u and 4?
4
Let n(v) = v + 15. Let c(a) = -2*a**2 - a - 1. Let h be c(-2). Let o be n(h). What is the greatest common factor of o and 1?
1
Suppose 0*b - 15 = -3*b. Suppose 0 = x - b*o - 41, 0*x - 2*x - 2*o = -22. What is the highest common factor of x and 48?
16
Suppose -8 = -f + 3. Let d = -7 + f. What is the highest common divisor of d and 6?
2
Suppose 5*t - 27 = -5*n + 3*n, -3*t + 27 = 3*n. Let c = 11 - 6. Suppose 0 = s + 2 - c. Calculate the highest common divisor of s and n.
3
Let z be (-22)/(-4) - 6/(-4). What is the highest common divisor of 7 and z?
7
Let g(t) = -2*t**2 - 10*t - 6. Let d be g(-9). Let k = -22 - d. What is the greatest common factor of k and 7?
7
Suppose -55 = -5*p - 5*x, p - x = -0*x + 3. What is the highest common factor of 14 and p?
7
Let g = -27 + 4. Let w = g + 32. Suppose a - 63 = -3*c, -5*a + 3*c + 189 = -2*a. Calculate the highest common factor of w and a.
9
Suppose -6*d = -7*d + 12. Let v = 120 + -84. What is the highest common factor of v and d?
12
Let a = -6 - -7. Suppose 5*y + h = 53, -h + 12 = y - a. Calculate the greatest common divisor of 20 and y.
10
Let t(l) = l**2 - 5*l - 49. Let k be t(22). Calculate the greatest common factor of k and 13.
13
Let d(s) = s**2 - 5*s - 20. Let b be d(-4). Let a be 4/(-2) + (4 - -2). What is the greatest common factor of b and a?
4
Let b(t) = -t + 26. Let a be b(8). What is the greatest common divisor of 216 and a?
18
Suppose 8*q - 14*q = -258. Calculate the greatest common factor of 129 and q.
43
Let y(j) = 4*j**2 - 8*j + 4. Let u be y(4). What is the greatest common factor of 4 and u?
4
Let a(k) = -k**3 + 3*k**2 + 4. Let s be a(3). Suppose -s*w + w = -30. What is the highest common factor of w and 50?
10
Suppose w = -3*w + 48. Suppose 0*x + 392 = 4*z - 2*x, 3*z - 272 = -4*x. What is the highest common factor of z and w?
12
Let i be 10/(8/4 - 1). What is the highest common factor of 4 and i?
2
Let k(j) = -j + 20. Let r be k(18). What is the highest common factor of r and 14?
2
Let o(h) = -2*h - 9. Let g be (-22)/3 - (-1)/3. Let f be o(g). What is the greatest common divisor of 35 and f?
5
Let d = 183 - 73. Calculate the greatest common divisor of 22 and d.
22
Suppose 5*t - 2*c + 84 = -90, 0 = t + c + 32. Let f = t + 45. Suppose -3*z - 176 = -7*z. Calculate the greatest common factor of z and f.
11
Suppose 4*d = d + 54. Calculate the greatest common divisor of 9 and d.
9
Let b(h) = h**3 - 10*h**2 + 18*h - 5. Let k be b(8). Let c = -29 + 40. Calculate the highest common factor of c and k.
11
Let n be 1/5 + 72/(-10). Let z = -4 - n. Suppose z*q - 9 = 2*q. What is the greatest common divisor of q and 45?
9
Let g be (-2)/(-5*(-8)/(-60)). Suppose 1 = -o, -2*o + 0*o - 8 = -2*p. Suppose -4*i + p*i = -12. Calculate the greatest common factor of g and i.
3
Let z(h) = -4*h - 3. Let x be z(-3). Let w be 9/15*(112 + -7). What is the greatest common factor of w and x?
9
Suppose q = 4*q - 360. Let b be -1 - (-15 - (-4)/(-4)). Calculate the highest common divisor of b and q.
15
Let d(x) be the first derivative of x**3/3 + 2*x**2 - 6*x + 2. Let r be d(-6). Suppose -3*z + 240 = 2*z. What is the highest common factor of z and r?
6
Let y(v) = 23*v + 2. Let m be y(2). Suppose f - 3*n - 15 = 0, -f + 0*n - 5*n + 7 = 0. Calculate the highest common divisor of m and f.
12
Let w be (-54)/30*(-5)/3. What is the greatest common divisor of w and 39?
3
Let o(p) be the second derivative of -p**5/20 - 2*p**4/3 + 3*p**2/2 + 2*p. Let t be o(-8). What is the highest common factor of 33 and t?
3
Suppose 2*d = -d + 2*h + 53, 2*d + 2*h = 22. Calculate the greatest common factor of 120 and d.
15
Suppose -b - 15 = -6*b. Calculate the greatest common divisor of b and 2.
1
Suppose 0 = -4*q - 0*b + 3*b + 60, -2*q = -3*b - 24. What is the greatest common divisor of 18 and q?
18
Let p(k) = -k**3 - 5*k**2 - 7*k - 4. Let u be p(-4). Calculate the greatest common divisor of u and 20.
4
Let j = -25 + 37. Let h = 67 - 31. What is the highest common divisor of h and j?
12
Suppose -i + 289 = 4*y, -172 + 24 = -2*y - 4*i. Suppose -2*j = -p - 19, 4*p = p - 3. Calculate the highest common factor of j and y.
9
Let j be (-5 - 0)*(-7)/7. Let s(c) = j*c + 3 + c**2 - c - c - 2*c. Let d be s(6). What is the greatest common factor of 15 and d?
15
Let y = 46 - 29. Suppose y = f + 11. Let g(c) = -c**3 - 5*c**2 + 6*c + 3. Let s be g(-6). What is the highest common factor of s and f?
3
Let f(a) = 8*a**2 + a - 1. Let q be f(1). Let s = -8 + 40. What is the greatest common divisor of s and q?
8
Let s(p) = p**3 + 4*p**2 + p - 4. Let c be s(-3). Let z be ((-11)/4 - -3) + 38/8. What is the greatest common divisor of c and z?
1
Let o = -6 + 3. Let l(r) = 2*r**2 + 2*r + 2. Let i be l(o). Calculate the highest common divisor of i and 154.
14
Suppose -26 = -i - 4. What is the greatest common factor of i and 242?
22
Let m be ((-8)/6)/(2/(-15)). Let a be 8/(-12)*6 + 3. Let s be (20/a)/(0 + -2). What is the highest common divisor of m and s?
10
Let a(f) = -13*f - 5. Let j be a(-9). Suppose -2*q - 5 = -37. What is the highest common factor of j and q?
16
Let j be 2/(-5) - 6/(-15). Suppose j = -5*k - 12 + 42. Suppose 0 = k*s - 2*s - 24. What is the highest common factor of s and 24?
6
Let b(z) = -2*z**2 + 9*z + 4. Let f be b(3). What is the greatest common divisor of 65 and f?
13
Let b be (-38)/(-14) - 4/(-14). Let z = 7 - 14. Let k = -4 - z. Calculate the highest common factor of k and b.
3
Let v = 94 - 82. What is the greatest common divisor of v and 12?
12
Let n = 11 - 8. Let t be 1*-4 + 12 + -9. Let r = n + t. Calculate the highest common factor of 6 and r.
2
Let f(p) = 2*p**2 - 2*p + 16. Let b(m) = 3*m**2 - 3*m + 17. Let l(q) = 3*b(q) - 4*f(q). Let y be l(10). What is the greatest common divisor of y and 7?
7
Let n be 3*6/(-117) - 41/(-13). Calculate the highest common divisor of 2 and n.
1
Let q be (0 + 42)*24/18. Let l be (0 - 12)*8/(-12). Calculate the greatest common divisor of l and q.
8
Suppose 5*b - 23 - 2 = 0. Let t be 228/b - 6/(-15). Suppose -5*i + 0*i - 4*m = -51, 2*m = 4*i - t. What is the greatest common divisor of 55 and i?
11
Suppose g - 3*g = -6. Let w = -13 + 20. Suppose 0 = -p - w + 28. What is the greatest common divisor of g and p?
3
Let g = -40 - -58. Suppose 3*m + 14 = k, 4*k + m - 12 = 2*m. Suppose -10 - k = -4*s. What is the highest common divisor of s and g?
3
Suppose -p + 2*p - 30 = 0. Calculate the highest common factor of p and 6.
6
Let l(i) = -i**2 + 25*i - 24. Let n be l(21). What is the greatest common factor of n and 15?
15
Let z(d) = d + 2. Let n be z(0). Suppose -i = -n*b + 29, -16 = -3*b - 4*i - 0*i. Calculate the greatest common factor of b and 30.
6
Let i(v) = -3*v - 2. Let t be i(-2). What is the highest common factor of t and 1?
1
Let r(s) = -5*s - 10. Let a be r(-4). Calculate the highest common factor of a and 10.
10
Let z(m) = 12*m + m**2 + 8 + 11*m - 15*m. Let t be z(-7). What is the greatest common factor of 1 and t?
1
Let f = 19 + -3. Let h = f - -8. Let b = 5 - -3. Calculate the greatest common factor of h and b.
8
Suppose 3*a + 59 = o - 0*o, o - 2*a = 54. Suppose 0 = -5*l + 49 + 6. What is the highest common divisor of o and l?
11
Let l = -13 + 16. Suppose 3 = -2*y - 2*q + 29, l*q = 5*y - 89. What is the greatest common factor of 2 and y?
2
Suppose r - 5 = 0, 3*a + 3*r = a + 35. Let t be (-28)/(-6)*(21 + -6). Calculate the highest common divisor of a and t.
10
Let v(x) = -x**3 - 2*x**2 - 4. Let c be v(-3). Suppose -c*q = -17 - 58. What is the greatest common divisor of q and 75?
15
Suppose 2*p + n - 17 = -0*n, 4*p - 2*n - 30 = 0. What is the highest common factor of 40 and p?
8
Let d(f) = -f**2 + 6*f + 3. Let v be d(6). Calculate the highest common divisor of v and 1.
1
Suppose -7*d + 0*d = -28. Calculate the greatest common factor of d and 28.
4
Suppose -4*h + 14 = -2. Suppose 3 = 